common factor of d and 325?
13
Let o = 178 - 89. Suppose -3*n = 9, -5*u + o = -7*n + 4*n. Suppose 350 = -6*i + u*i. What is the highest common divisor of i and 21?
7
Suppose 16*h - 13*h - 5*c = 5280, 4*c = -5*h + 8726. Calculate the highest common divisor of h and 35.
35
Let g = -21 - -30. Let i be 46/8 + 0 - (-1)/4. Suppose -2*l + 1 = -i*v + 7*v, 0 = 5*l. What is the highest common divisor of v and g?
1
Suppose -7*q + 8*q = 40. Suppose 0 = 5*j + 3*j - q. Let i = 0 + j. Calculate the greatest common factor of i and 35.
5
Let q = -5815 + 5755. Let c = -1 - -2. Let w be (c + 6)*q/(-14). Calculate the highest common divisor of 15 and w.
15
Suppose -3*r + 274 = -272. Let w = 1741 + -1671. What is the greatest common divisor of w and r?
14
Let s(f) = 3*f**2 - 35*f + 305. Let d be s(14). Calculate the highest common factor of 65 and d.
13
Let n = -80 - 156. Let p = -232 - n. Calculate the highest common divisor of p and 4.
4
Suppose 0 = -2*z + 106 - 22. Suppose 2*t + 4*n = 106, -2*n + 71 + 104 = 3*t. Suppose -t*b = -73*b + 72. What is the greatest common divisor of z and b?
6
Suppose 101*d + 37*d + 12*d = 54750. What is the greatest common divisor of 135 and d?
5
Let f be (23 - 3)*93/6. What is the highest common divisor of f and 230?
10
Suppose -10*r + 12*r = -12. Let j(b) = 2*b**2 + 6*b - 12. Let s be j(r). Let l be (s/(-48))/(1/(-4)). Calculate the greatest common factor of l and 2.
2
Let n = -20923 - -20954. What is the greatest common factor of n and 49?
1
Suppose -5*b + 7185 = 3*r, 5*b - 2385 = 2*r - 3*r. Calculate the highest common factor of 12 and r.
12
Let p(z) = -17*z - 85. Let u be p(-5). Suppose u = -810*q + 803*q + 49. Calculate the greatest common factor of q and 203.
7
Let l = 407 + -442. Let g be ((-5 - -11) + -13)*1210/l. What is the highest common factor of g and 22?
22
Let z = 324 - 313. Suppose z*o - 16*o + 560 = 0. Calculate the highest common divisor of 7 and o.
7
Suppose 3*x - 5 - 22 = 0. Suppose 9*f + 88 = f. Let r = 20 + f. What is the highest common factor of r and x?
9
Let r(i) = 43*i + 78. Let q be r(5). Suppose 331 = 16*f - q. What is the greatest common divisor of 13 and f?
13
Let w be (-28)/(-88) + 30/165 + (-12645)/(-6). Calculate the highest common factor of 136 and w.
68
Let p = 202 - 151. Let g be (-2 + 1)*(-4 - -64)/2. Let r be 1*5*51/g*-4. What is the greatest common divisor of p and r?
17
Suppose -14*s = -7*s - 28. Let a be (45/90)/(2/s). What is the highest common factor of 5 and a?
1
Let u = 170 + -168. Suppose u*r = r + 5*j + 45, 4*r - 120 = 5*j. Calculate the greatest common divisor of 200 and r.
25
Suppose 10 = 3*c - q, -5*c - 18 = -10*c + 2*q. Suppose c*g - 21 - 75 = 0. What is the greatest common divisor of 336 and g?
48
Let g be (-3120)/(-832)*96/15. Let a = -10 + 16. What is the greatest common divisor of g and a?
6
Let s be -48*1*(6/12)/((-1)/2). Calculate the greatest common divisor of 96 and s.
48
Suppose 4 = o, -28*o + 27*o + 6 = n. Suppose 2*b + n - 11 = -3*x, -4*x = 4*b - 28. What is the greatest common factor of b and 3?
3
Suppose -4*o - 781*g + 21428 = -789*g, -3*o - 5*g + 16082 = 0. Calculate the highest common factor of o and 23.
23
Let m(d) = 1846*d - 78. Let n be m(9). Suppose n = 15*l + 9*l. What is the highest common divisor of 26 and l?
13
Suppose -5*c = -121 + 66. Suppose -f - 2970 = -c*f. Calculate the highest common divisor of 11 and f.
11
Suppose 2*s = -3*k + 639, -4*s + 750 = -4*k - 478. Suppose h + q - 18 - 6 = 0, 2*h - 48 = 2*q. Calculate the highest common divisor of s and h.
24
Suppose 25*h + 4*x - 5978 = 22*h, 1990 = h + 2*x. What is the highest common factor of 54 and h?
54
Let y be 4422/126 - (1 - (-114)/(-126)). Calculate the greatest common divisor of 455 and y.
35
Suppose -17*b = -9*b + 1536. Let g = b - -219. What is the greatest common factor of 216 and g?
27
Suppose -271*u = 4*q - 270*u - 2, 0 = 2*q - 4*u - 28. Suppose 5*b - 40 = -0. Calculate the greatest common divisor of b and q.
2
Let x be (-4)/(-2) - (-1 + 7). Let b be 4 - (x + (3 - 0)). Suppose -4*s = -4*a - 176, 9*s - 3*a = 4*s + 222. What is the highest common factor of b and s?
5
Suppose 2518 = -d + 11*d - 782. Calculate the highest common factor of 5970 and d.
30
Let v(g) = -138*g - 266. Let z be v(-3). What is the greatest common divisor of 1813 and z?
37
Suppose 1 = -16*h + 1. Let d be 1*(20 - (h + -3)). What is the highest common factor of 161 and d?
23
Let q be (15/(-7))/((-895)/11277). What is the highest common divisor of 5283 and q?
9
Suppose 6*f = 7*f - 4*o + 12, 3*o = -4*f + 9. Suppose 2*x + c - 90 = 86, f = x + 2*c - 88. Calculate the highest common divisor of x and 11.
11
Let h(w) = 5*w**2 - w - 12. Let x be h(8). Let n = -140 + x. Suppose i - n = -3*i. Calculate the greatest common divisor of i and 5.
5
Let g(r) = -2*r**2 - r + 1. Let s be g(-7). Let f = -51 - s. Calculate the highest common divisor of 312 and f.
39
Let i = -69 - -126. What is the highest common divisor of 19 and i?
19
Suppose 5*s = -3*z + 178, 2*z - 138 = -4*s - 22. Suppose 8*m - 11*m + z = 0. What is the highest common divisor of m and 2?
2
Let a be 76 + 4 + (19 - 42). Calculate the greatest common factor of a and 19.
19
Let m = -59 + 47. Let o = m + 34. Suppose 2*w - o = -0. Calculate the greatest common divisor of w and 55.
11
Let z(i) = 2*i - 5. Let d(x) = x + 1. Let b(v) = 4*d(v) - z(v). Let s be b(-21). Let u be 31/7 + s/77. What is the greatest common factor of u and 4?
4
Suppose 4*o + 2*o = -342. Let i = 84 + o. Suppose -4*f + 81 = -3*f. Calculate the greatest common factor of f and i.
27
Let x(v) = -18*v**2 + 9*v + 50. Let l(q) = 53*q**2 - 29*q - 151. Let b(d) = 6*l(d) + 17*x(d). Let u be b(-3). What is the highest common divisor of u and 46?
23
Let r be (-280)/(-180)*(-84)/(-8) - 16/12. What is the highest common factor of r and 1695?
15
Let f(d) = d**2 - 30*d - 1570. Let k be f(58). Calculate the highest common divisor of k and 7146.
18
Let u(m) = m**3 + 6*m**2 - 21*m + 54. Let a be u(7). Calculate the greatest common factor of a and 493.
17
Let i be ((-104)/65)/((2 - 5)/345). Suppose -10 = -4*g - z, 16 = 389*g - 384*g + 3*z. What is the greatest common factor of i and g?
2
Let t(o) = 8*o**3 + 2*o**2 - 1. Let b be t(1). Let u = 58188 - 58143. What is the highest common factor of u and b?
9
Let b be (41877/198)/(3/108*3). Calculate the highest common divisor of b and 216.
54
Let o be 392/21 + (-4)/6. Suppose -2*f = 4*d - 238, -2*f = -d - 3*d - 222. Suppose -2*p = -173 - f. What is the highest common factor of p and o?
18
Let c(h) = -h**2 + 49*h - 333. Let k be c(10). Calculate the highest common divisor of k and 1311.
57
Let y = -13849 - -17101. What is the greatest common factor of y and 48?
12
Suppose -m + 6 = 2*m. Suppose 0 = -25*o + 26*o + 1. Let h be (o/(-2)*6)/1. What is the greatest common factor of m and h?
1
Suppose 0 = 3*w - 6, -3*d - 2*w + 3 = 281. Let r = 136 + d. Calculate the greatest common divisor of r and 189.
21
Let f = 25952 + -25865. What is the highest common factor of f and 232?
29
Suppose 84 = 3*h + 18*h. Let o be ((-55)/(-10))/(2/h). Suppose -220 = -2*z - 2*z. What is the highest common factor of z and o?
11
Let c be 2/(-6) + (-82)/(-3). Let f = 4184 - 4148. What is the greatest common factor of c and f?
9
Let r be ((-1164)/24)/((-4)/8). Let l = r + -52. What is the greatest common divisor of l and 15?
15
Let c(k) = k**3 - 36*k**2 + 6*k - 184. Let i be c(36). What is the highest common divisor of i and 528?
16
Suppose -25*b + 22*b = 5*j - 12122, 0 = j - 3*b - 2446. Calculate the highest common divisor of 8 and j.
4
Suppose -586 - 519 = -2*r - d, -4*d - 2730 = -5*r. Calculate the greatest common divisor of 517 and r.
11
Let f = -3 - -11. Suppose -786*c = -2261 - 60619. What is the highest common factor of c and f?
8
Suppose -4*w - 7*p + 9*p + 98 = 0, -w - p + 17 = 0. What is the highest common factor of 429 and w?
11
Let n(y) = -9*y**3 - 81*y**2 - 6*y + 15. Let d be n(-9). What is the greatest common divisor of d and 368?
23
Suppose 4*r - 5*c = 3898, 2*c = -3*c - 10. Calculate the highest common factor of 432 and r.
108
Suppose 29*r + 248 = 4*k + 25*r, -3*k + r + 194 = 0. What is the highest common factor of k and 1551?
33
Let p be (-5 - 1695/(-21)) + (-8)/(-28). Suppose 0 = -6*h + p + 8. Calc